 x**2 + x. Let w be r(1). Suppose 0 = -k + w*k - 4. Calculate the highest common divisor of 4 and k.
4
Let t be ((-4)/(-2) - 0 - -21) + -4. Calculate the greatest common divisor of 171 and t.
19
Let l be -2*3*3/(-2). Let q = 13 - l. Let t be q/5*(-15)/(-2). What is the greatest common factor of t and 30?
6
Suppose 0 = 48*y - 47*y - 34. What is the greatest common divisor of y and 17?
17
Let s(n) = 2*n**3 - n**2 - n + 1. Let r be s(2). Suppose -4*h + 56 = -0*h + 3*g, -12 = -3*g. Calculate the highest common divisor of r and h.
11
Let o be ((-21)/42)/(2/(-12)). Suppose 4*f - 75 = 5*r, 3*f = -f + r + 63. Calculate the highest common divisor of o and f.
3
Let p(y) = y - 8. Let k be p(6). Let t be (k - -30) + -2 + 4. Suppose s = -2*s + 30. What is the greatest common divisor of s and t?
10
Suppose -v + 111 = -17. Calculate the highest common divisor of 32 and v.
32
Let n(z) = -z**3 + 8*z**2 + z + 7. Let c be n(7). What is the highest common divisor of c and 9?
9
Suppose d - 52 = -d. Suppose 16 = 2*a - d. Calculate the greatest common factor of a and 3.
3
Let b = 42 - -67. Suppose -3*r + 344 = -5*z + b, -r = -5*z - 85. What is the greatest common factor of r and 30?
15
Suppose 0*f + 4*f - 792 = 0. Calculate the highest common factor of 18 and f.
18
Let s(a) be the second derivative of a**4/6 + 5*a**3/3 - 11*a**2/2 + a. Let t be s(-8). Let f = t - -2. Calculate the greatest common factor of f and 26.
13
Suppose 4*f - 200 = 3*c, 7 = 3*f + 1. Let g = 91 + c. Calculate the highest common factor of 27 and g.
27
Suppose 3*f = 2204 - 908. Suppose 5*m = 2*m + f. What is the highest common factor of 16 and m?
16
Let f = 10 + -8. Let r be f/(1/((-10)/(-4))). Suppose -5*u - 33 = -5*g + 2, r*g = 2*u + 50. What is the highest common divisor of g and 84?
12
Let m(w) = w**3 - w**2 - w + 2. Let s be m(2). Calculate the highest common factor of s and 40.
4
Suppose -72 - 208 = -4*a. Let b be (8 + -4)/((-4)/(-6)). Let d be 62/b + 3/(-9). Calculate the greatest common factor of d and a.
10
Suppose -a + 11 = -4*d - 30, 4*a - 74 = -2*d. Let c = a + -36. Let g = 39 + c. Calculate the greatest common factor of 3 and g.
3
Let j = -1 - -3. Suppose -c - j*q + 10 = 0, 14 = 5*c - 2*q - 60. Calculate the highest common divisor of 2 and c.
2
Let z be 1/1 + (34 - 1). Let d be (-4)/(-3) - 799/(-51). What is the greatest common factor of d and z?
17
Suppose -2*z + 15 = -3*x - 11, 3*z - 12 = 0. Let s be (16 - 6)/((-4)/x). Calculate the greatest common factor of 15 and s.
15
Suppose -n - 3*m + 5 = -2*m, -4*n - 2*m + 18 = 0. Let i = 23 - -5. Calculate the greatest common divisor of i and n.
4
Let v be (16 + -2)*(-3)/(-2). Let m = 16 + -16. Suppose m = -4*y + 9*y - 525. What is the greatest common factor of v and y?
21
Let x = -18 - -48. Let u(f) = 21*f**2 - f. Let m = -4 + 5. Let w be u(m). What is the highest common divisor of w and x?
10
Let b be 3 + ((-46)/(-12) - 2/(-12)). Let r = 3 + -2. Calculate the highest common factor of b and r.
1
Let z be (-1)/3 + (-217)/(-21). Let k be 1002/10 - 2/z. Calculate the highest common factor of k and 20.
20
Let h be ((-3)/(-6))/((-2)/(-60)). What is the highest common divisor of h and 6?
3
Let b be (22 - 1)*(-4)/(-6). Let d be ((-27)/(-18))/((-1)/(-14)). What is the greatest common factor of d and b?
7
Let r = 40 + -34. Calculate the highest common divisor of 9 and r.
3
Let w be -2*(-3 - 0 - -1). Suppose -4*m + 120 = 2*t, -4*m - 240 = -w*t - 2*m. Calculate the greatest common divisor of 40 and t.
20
Suppose -2*p + 688 = 2*p. Suppose u + u + p = 4*k, -4 = u. Suppose -5*j + 4*j + 5*a = -15, 4*j = a + k. What is the greatest common factor of j and 70?
10
Suppose -32 = -4*g - 4*p, -3*g - 5*p + 26 + 6 = 0. Calculate the highest common factor of 16 and g.
4
Let t(u) = 10*u + 1. Let b be t(5). Suppose 5*q = 3*w + 88, -6*w + 2*w = -5*q + 89. Calculate the greatest common divisor of b and q.
17
Suppose -43 = -2*y - 5*m, -m = -8*y + 3*y + 40. Let h(a) = -3*a**3 + a**2 - 2. Let q be h(-3). Let g = -25 + q. What is the greatest common divisor of y and g?
9
Let o = -90 - -95. What is the highest common divisor of o and 2?
1
Suppose 1 = c + 4. Let b be 0 - (c + 2) - -3. Suppose 2*h - h + 2 = -b*x, -4*h - x = -7. Calculate the highest common factor of 6 and h.
2
Let f(n) = n**2 + 4*n - 6. Let u be f(-6). Suppose -r = -u*r + 260. What is the greatest common divisor of 78 and r?
26
Suppose 18 - 5 = o. Calculate the highest common factor of 26 and o.
13
Let i(u) = u**2 + 7*u - 13. Let q be i(-9). Suppose -q*z = -77 + 2. What is the greatest common divisor of z and 105?
15
Suppose -2*p = 5*w - 322, -2*w + 4*w + 3*p = 120. What is the greatest common divisor of w and 44?
22
Let t = 6 + -4. Let a(o) be the second derivative of 5*o**3/6 - 3*o**2/2 + 3*o. Let j be a(t). Calculate the greatest common divisor of j and 56.
7
Suppose 3*x = 96 + 102. Calculate the highest common factor of 165 and x.
33
Let q = 120 - 32. Calculate the highest common factor of 8 and q.
8
Let i = 57 - 25. What is the highest common divisor of i and 4?
4
Suppose -5*m + 77 = 7. Let v(c) = -c**3 + 4*c**2 + 5*c + 7. Let u(f) = 6*f - 1. Let b be u(1). Let i be v(b). Calculate the greatest common factor of m and i.
7
Let t = 27 + -20. Suppose -4*a = 5*s - 11 - 13, 3*s + 45 = 3*a. Let g = a - t. What is the greatest common divisor of 12 and g?
4
Suppose 1 - 4 = -y. Suppose -y*t = -5*a + 12, -a - 4*t + 3 = -4. Suppose a*w + s = 298, -394 = -4*w - 6*s + 3*s. What is the greatest common factor of 40 and w?
20
Let w = 92 - 168. Let r = 196 + w. Let d(k) = 16*k - 1. Let s be d(1). What is the greatest common factor of s and r?
15
Let p = -2 + 2. Let f = 6 - p. What is the greatest common factor of 18 and f?
6
Let d = -21 - -29. Let z(a) = 3*a**3 - 4*a**2 + 4. Let r be z(2). Calculate the highest common factor of d and r.
4
Let h = 126 + -45. What is the greatest common factor of h and 9?
9
Let g(d) = -2*d**2 - 19*d + 4. Let o be g(-8). What is the greatest common divisor of o and 112?
28
Let d(k) = 2 - 6*k**2 + k**3 - 4*k + 3*k**2 - 2*k**3. Let c be d(-5). Let r = 8 + 0. Calculate the greatest common divisor of r and c.
8
Let t(r) = -r**2 - 13*r + 5. Let i be t(-13). Calculate the highest common factor of 10 and i.
5
Suppose 7*y = -0*y + 1316. Suppose 0 = -3*c + o + y, -3*o - 20 + 76 = c. What is the greatest common factor of c and 155?
31
Suppose 10*c = 17*c - 182. Calculate the greatest common factor of c and 208.
26
Suppose 4*j - 4*o - 228 = 0, -4 = -4*o + 6*o. Suppose 0*h - 3*h = -4*u + j, -5*u - 3*h + 35 = 0. What is the greatest common divisor of u and 2?
2
Suppose -3*y + y + 36 = 0. Let j = 66 - y. What is the greatest common divisor of 12 and j?
12
Let w be (-27)/9 + 1*29. What is the greatest common factor of w and 208?
26
Suppose -4*o - 2*j = -4*j - 2, 0 = -o - 2*j + 13. Let g be o/((15/9)/5). Calculate the highest common divisor of g and 81.
9
Let x(r) = 3*r**3 + 25*r**2 - 3*r + 8. Let i be x(-8). What is the greatest common factor of i and 12?
12
Let h = 126 + -36. Let s be ((-10)/(-8))/((-1)/(-8)). Calculate the highest common divisor of s and h.
10
Suppose -5*q - w - 11 = 7, q + 6 = w. Let j be (-3)/(((-24)/(-38))/q). What is the greatest common factor of j and 171?
19
Let k be (1*5)/(3/225). Let r = k - 128. Let y = -156 + r. Calculate the greatest common factor of 13 and y.
13
Let q = -10 - -18. Let x be 1 + 11 + (7 - q). What is the highest common factor of 121 and x?
11
Suppose 2*c = 3*c - 3. Suppose -5*t + c*t + 24 = 0. Suppose 384 = b + 3*b. Calculate the greatest common factor of b and t.
12
Let j(a) = -a**3 + 11*a**2 - 9*a - 10. Let r be j(10). Suppose 0 = c - r*c - 3. Suppose c = 2*o - 9. What is the greatest common divisor of 18 and o?
6
Let j be 529/5 + (-28)/35. Calculate the highest common factor of j and 15.
15
Let l be 7 - (1 - -2)/3. Let j be (-1466)/(-12) + l/(-36). Suppose -2*f = 2*w - 128, -3*f + 3*w + j + 46 = 0. Calculate the highest common divisor of f and 15.
15
Let q be (2 - 36/15)*10/(-1). What is the highest common factor of 52 and q?
4
Let o = 400 + -372. Suppose r = -y + 5*r, -2*y - 5*r + 13 = 0. Calculate the highest common divisor of o and y.
4
Let n = 52 + -10. Let a(y) = 7*y**3 - 1. Let s be a(1). What is the greatest common divisor of s and n?
6
Let j b